{"id":99346,"date":"2010-02-05T15:03:39","date_gmt":"2014-08-19T13:03:39","guid":{"rendered":"https:\/\/feeds.soundcloud.com\/stream\/252622505-magasiniii-artist-talk-tom-friedman.mp3"},"modified":"2025-02-18T12:01:21","modified_gmt":"2025-02-18T11:01:21","slug":"tom-friedman-2-2","status":"inherit","type":"attachment","link":"https:\/\/magasin3.com\/he\/event\/%d7%99%d7%95%d7%9d-%d7%a9%d7%99%d7%93%d7%95%d7%a8%d7%99%d7%9d-%d7%91%d7%9e%d7%91%d7%98-%d7%9c%d7%a2%d7%aa%d7%99%d7%93\/tom-friedman-2-2\/","title":{"rendered":"Tom Friedman"},"author":10,"featured_media":0,"comment_status":"closed","ping_status":"closed","template":"","meta":{"_acf_changed":false,"_relevanssi_hide_post":"","_relevanssi_hide_content":"","_relevanssi_pin_for_all":"","_relevanssi_pin_keywords":"","_relevanssi_unpin_keywords":"","_relevanssi_related_keywords":"","_relevanssi_related_include_ids":"","_relevanssi_related_exclude_ids":"","_relevanssi_related_no_append":"","_relevanssi_related_not_related":"","_relevanssi_related_posts":"","_relevanssi_noindex_reason":"","_links_to":"","_links_to_target":""},"categories":[],"class_list":["post-99346","attachment","type-attachment","status-inherit","hentry"],"acf":[],"yoast_head":"<!-- This site is optimized with the Yoast SEO plugin v27.4 - https:\/\/yoast.com\/product\/yoast-seo-wordpress\/ -->\n<title>Tom Friedman - Magasin III<\/title>\n<meta name=\"robots\" content=\"noindex, follow\" \/>\n<meta property=\"og:locale\" content=\"he_IL\" \/>\n<meta property=\"og:type\" content=\"article\" \/>\n<meta property=\"og:title\" content=\"Tom Friedman - Magasin III\" \/>\n<meta property=\"og:description\" content=\"Tom Friedman Chefsintendent Richard Julin samtalar med Tom Friedman om hans konstn\u00e4rskap och arbetet med utst\u00e4llningen Up in the Air som visas p\u00e5 Magasin 3 v\u00e5ren 2010. Medverkande: Tom Friedman, konstn\u00e4r och Richard Julin, chefsintendent ...\" \/>\n<meta property=\"og:url\" content=\"https:\/\/magasin3.com\/he\/event\/%d7%99%d7%95%d7%9d-%d7%a9%d7%99%d7%93%d7%95%d7%a8%d7%99%d7%9d-%d7%91%d7%9e%d7%91%d7%98-%d7%9c%d7%a2%d7%aa%d7%99%d7%93\/tom-friedman-2-2\/\" \/>\n<meta property=\"og:site_name\" content=\"Magasin III\" \/>\n<meta property=\"article:modified_time\" content=\"2025-02-18T11:01:21+00:00\" \/>\n<!-- \/ Yoast SEO plugin. -->","yoast_head_json":{"title":"Tom Friedman - Magasin III","robots":{"index":"noindex","follow":"follow"},"og_locale":"he_IL","og_type":"article","og_title":"Tom Friedman - Magasin III","og_description":"Tom Friedman Chefsintendent Richard Julin samtalar med Tom Friedman om hans konstn\u00e4rskap och arbetet med utst\u00e4llningen Up in the Air som visas p\u00e5 Magasin 3 v\u00e5ren 2010. Medverkande: Tom Friedman, konstn\u00e4r och Richard Julin, chefsintendent ...","og_url":"https:\/\/magasin3.com\/he\/event\/%d7%99%d7%95%d7%9d-%d7%a9%d7%99%d7%93%d7%95%d7%a8%d7%99%d7%9d-%d7%91%d7%9e%d7%91%d7%98-%d7%9c%d7%a2%d7%aa%d7%99%d7%93\/tom-friedman-2-2\/","og_site_name":"Magasin III","article_modified_time":"2025-02-18T11:01:21+00:00","schema":{"@context":"https:\/\/schema.org","@graph":[{"@type":"WebPage","@id":"https:\/\/magasin3.com\/he\/event\/%d7%99%d7%95%d7%9d-%d7%a9%d7%99%d7%93%d7%95%d7%a8%d7%99%d7%9d-%d7%91%d7%9e%d7%91%d7%98-%d7%9c%d7%a2%d7%aa%d7%99%d7%93\/tom-friedman-2-2\/","url":"https:\/\/magasin3.com\/he\/event\/%d7%99%d7%95%d7%9d-%d7%a9%d7%99%d7%93%d7%95%d7%a8%d7%99%d7%9d-%d7%91%d7%9e%d7%91%d7%98-%d7%9c%d7%a2%d7%aa%d7%99%d7%93\/tom-friedman-2-2\/","name":"Tom Friedman - Magasin III","isPartOf":{"@id":"https:\/\/www.magasin3.com\/he\/#website"},"datePublished":"2014-08-19T13:03:39+00:00","dateModified":"2025-02-18T11:01:21+00:00","breadcrumb":{"@id":"https:\/\/magasin3.com\/he\/event\/%d7%99%d7%95%d7%9d-%d7%a9%d7%99%d7%93%d7%95%d7%a8%d7%99%d7%9d-%d7%91%d7%9e%d7%91%d7%98-%d7%9c%d7%a2%d7%aa%d7%99%d7%93\/tom-friedman-2-2\/#breadcrumb"},"inLanguage":"he-IL","potentialAction":[{"@type":"ReadAction","target":["https:\/\/magasin3.com\/he\/event\/%d7%99%d7%95%d7%9d-%d7%a9%d7%99%d7%93%d7%95%d7%a8%d7%99%d7%9d-%d7%91%d7%9e%d7%91%d7%98-%d7%9c%d7%a2%d7%aa%d7%99%d7%93\/tom-friedman-2-2\/"]}]},{"@type":"BreadcrumbList","@id":"https:\/\/magasin3.com\/he\/event\/%d7%99%d7%95%d7%9d-%d7%a9%d7%99%d7%93%d7%95%d7%a8%d7%99%d7%9d-%d7%91%d7%9e%d7%91%d7%98-%d7%9c%d7%a2%d7%aa%d7%99%d7%93\/tom-friedman-2-2\/#breadcrumb","itemListElement":[{"@type":"ListItem","position":1,"name":"Hem","item":"https:\/\/www.magasin3.com\/he\/jaffa\/"},{"@type":"ListItem","position":2,"name":"\u05d9\u05d5\u05dd \u05e9\u05d9\u05d3\u05d5\u05e8\u05d9\u05dd \u05d1\u05de\u05d1\u05d8 \u05dc\u05e2\u05ea\u05d9\u05d3","item":"https:\/\/magasin3.com\/he\/event\/%d7%99%d7%95%d7%9d-%d7%a9%d7%99%d7%93%d7%95%d7%a8%d7%99%d7%9d-%d7%91%d7%9e%d7%91%d7%98-%d7%9c%d7%a2%d7%aa%d7%99%d7%93\/"},{"@type":"ListItem","position":3,"name":"Tom Friedman"}]},{"@type":"WebSite","@id":"https:\/\/www.magasin3.com\/he\/#website","url":"https:\/\/www.magasin3.com\/he\/","name":"Magasin III","description":"Museum for Contemporary Art","potentialAction":[{"@type":"SearchAction","target":{"@type":"EntryPoint","urlTemplate":"https:\/\/www.magasin3.com\/he\/?s={search_term_string}"},"query-input":{"@type":"PropertyValueSpecification","valueRequired":true,"valueName":"search_term_string"}}],"inLanguage":"he-IL"}]}},"description":{"rendered":"<p class=\"attachment\"><a class=\"media\" href='https:\/\/feeds.soundcloud.com\/stream\/252622505-magasiniii-artist-talk-tom-friedman.mp3'>Tom Friedman<\/a><\/p>\n<p>Chefsintendent Richard Julin samtalar med Tom Friedman om hans konstn\u00e4rskap och arbetet med utst\u00e4llningen <em>Up in the Air<\/em> som visas p\u00e5 Magasin 3 v\u00e5ren 2010.<\/p>\n<p><strong>Medverkande:<\/strong> Tom Friedman, konstn\u00e4r och Richard Julin, chefsintendent Magasin 3<br \/>\n<strong>Spr\u00e5k:<\/strong> engelska<br \/>\n<strong>Datum:<\/strong> 5 februari 2010<br \/>\n<strong>L\u00e4ngd:<\/strong> 42 min<br \/>\n<strong>Plats:<\/strong> Magasin 3 Stockholm Konsthall<br \/>\n<strong>Utst\u00e4llning:<\/strong> <a href=\"https:\/\/magasin3.com\/exhibition\/tom-friedman-up-in-the-air\/\">Up in the Air<\/a><\/p>\n"},"caption":{"rendered":"<p>Tom Friedman Chefsintendent Richard Julin samtalar med Tom Friedman om hans konstn\u00e4rskap och arbetet med utst\u00e4llningen Up in the Air som visas p\u00e5 Magasin 3 v\u00e5ren 2010. Medverkande: Tom Friedman, konstn\u00e4r och Richard Julin, chefsintendent &#8230;<\/p>\n"},"alt_text":"","media_type":"file","mime_type":"audio\/mpeg","media_details":{"artist":"","album":"","sizes":{}},"post":151118,"source_url":"https:\/\/feeds.soundcloud.com\/stream\/252622505-magasiniii-artist-talk-tom-friedman.mp3","_links":{"self":[{"href":"https:\/\/magasin3.com\/he\/wp-json\/wp\/v2\/media\/99346","targetHints":{"allow":["GET"]}}],"collection":[{"href":"https:\/\/magasin3.com\/he\/wp-json\/wp\/v2\/media"}],"about":[{"href":"https:\/\/magasin3.com\/he\/wp-json\/wp\/v2\/types\/attachment"}],"author":[{"embeddable":true,"href":"https:\/\/magasin3.com\/he\/wp-json\/wp\/v2\/users\/10"}],"replies":[{"embeddable":true,"href":"https:\/\/magasin3.com\/he\/wp-json\/wp\/v2\/comments?post=99346"}],"wp:term":[{"taxonomy":"category","embeddable":true,"href":"https:\/\/magasin3.com\/he\/wp-json\/wp\/v2\/categories?post=99346"}],"wp:attached-to":[{"embeddable":true,"post_type":"m3_event","id":151118,"href":"https:\/\/magasin3.com\/he\/wp-json\/wp\/v2\/m3_event\/151118"}],"curies":[{"name":"wp","href":"https:\/\/api.w.org\/{rel}","templated":true}]}}

<!-- This site is optimized with the Yoast SEO plugin v27.4 - https://yoast.com/product/yoast-seo-wordpress/ -->
<title>Tom Friedman - Magasin III</title>
<meta name="robots" content="noindex, follow" />
<meta property="og:locale" content="he_IL" />
<meta property="og:type" content="article" />
<meta property="og:title" content="Tom Friedman - Magasin III" />
<meta property="og:description" content="Tom Friedman Chefsintendent Richard Julin samtalar med Tom Friedman om hans konstnärskap och arbetet med utställningen Up in the Air som visas på Magasin 3 våren 2010. Medverkande: Tom Friedman, konstnär och Richard Julin, chefsintendent ..." />
<meta property="og:url" content="https://magasin3.com/he/event/%d7%99%d7%95%d7%9d-%d7%a9%d7%99%d7%93%d7%95%d7%a8%d7%99%d7%9d-%d7%91%d7%9e%d7%91%d7%98-%d7%9c%d7%a2%d7%aa%d7%99%d7%93/tom-friedman-2-2/" />
<meta property="og:site_name" content="Magasin III" />
<meta property="article:modified_time" content="2025-02-18T11:01:21+00:00" />
<!-- / Yoast SEO plugin. -->

Tom Friedman Chefsintendent Richard Julin samtalar med Tom Friedman om hans konstnärskap och arbetet med utställningen Up in the Air som visas på Magasin 3 våren 2010. Medverkande: Tom Friedman, konstnär och Richard Julin, chefsintendent ...

יום שידורים במבט לעתיד

<p class="attachment"><a class="media" href='https://feeds.soundcloud.com/stream/252622505-magasiniii-artist-talk-tom-friedman.mp3'>Tom Friedman</a></p>
<p>Chefsintendent Richard Julin samtalar med Tom Friedman om hans konstnärskap och arbetet med utställningen <em>Up in the Air</em> som visas på Magasin 3 våren 2010.</p>
<p><strong>Medverkande:</strong> Tom Friedman, konstnär och Richard Julin, chefsintendent Magasin 3<br />
<strong>Språk:</strong> engelska<br />
<strong>Datum:</strong> 5 februari 2010<br />
<strong>Längd:</strong> 42 min<br />
<strong>Plats:</strong> Magasin 3 Stockholm Konsthall<br />
<strong>Utställning:</strong> <a href="https://magasin3.com/exhibition/tom-friedman-up-in-the-air/">Up in the Air</a></p>

<p>Tom Friedman Chefsintendent Richard Julin samtalar med Tom Friedman om hans konstnärskap och arbetet med utställningen Up in the Air som visas på Magasin 3 våren 2010. Medverkande: Tom Friedman, konstnär och Richard Julin, chefsintendent &#8230;</p>
