{"id":87648,"date":"2013-05-19T14:31:11","date_gmt":"2013-05-19T12:31:11","guid":{"rendered":"https:\/\/magasin3.com\/?post_type=m3_loan&#038;p=87648"},"modified":"2022-03-29T11:06:13","modified_gmt":"2022-03-29T09:06:13","slug":"jockum-nordstrom-at-the-lam-2013","status":"publish","type":"m3_loan","link":"https:\/\/magasin3.com\/en\/loan\/jockum-nordstrom-at-the-lam-2013\/","title":{"rendered":"Jockum Nordstr\u00f6m at The LaM, 2013"},"content":{"rendered":"\n<div class=\"wp-block-columns is-layout-flex wp-container-core-columns-is-layout-28f84493 wp-block-columns-is-layout-flex\">\n<div class=\"wp-block-column is-layout-flow wp-block-column-is-layout-flow\">\n<p><strong>Exhibition:<\/strong>&nbsp;<a href=\"https:\/\/www.musee-lam.fr\/fr\/jockum-nordstrom\" target=\"_blank\" rel=\"noreferrer noopener\"><em>Jockum Nordstr\u00f6m: All I Have Learned and Forgotten Again<\/em><\/a><\/p>\n\n\n\n<p><strong>Location: <\/strong>The LaM (Lille M\u00e9tropole Mus\u00e9e d\u2019art moderne, d\u2019art contemporain et d\u2019art brut), Villeneuve d\u2019Ascq, France<\/p>\n\n\n\n<p><strong>Period: <\/strong>February 16 \u2013 May 19, 2013<\/p>\n<\/div>\n\n\n\n<div class=\"wp-block-column is-layout-flow wp-block-column-is-layout-flow\">\n<p><strong>Works on loan:<\/strong><br>Jockum Nordstr\u00f6m,&nbsp;<a href=\"https:\/\/magasin3.com\/en\/artwork\/one-more-lap\/\"><em>One more lap<\/em><\/a>, 2001.<br>Jockum Nordstr\u00f6m,&nbsp;<a href=\"https:\/\/magasin3.com\/en\/artwork\/the-final-end-of-childhood\/\"><em>The final end of childhood<\/em><\/a>, 2001.<br>Jockum Nordstr\u00f6m, <a href=\"http:\/\/magasin3.com\/en\/artwork\/the-balcony-a-greeting-to-manet-and-magritte\/\"><em>The Balcony \u2013 A Greeting to Manet and Magritte<\/em><\/a>, 1998.<br>Jockum Nordstr\u00f6m,&nbsp;<a href=\"https:\/\/magasin3.com\/en\/artwork\/talk-of-the-town-2\/\"><em>Talk of the town<\/em><\/a>, 1998.<br>Jockum Nordstr\u00f6m, <a href=\"https:\/\/magasin3.com\/en\/artwork\/tiddlywinks\/\"><em>Tiddlywinks<\/em><\/a>, 2004.<br>Jockum Nordstr\u00f6m,&nbsp;<a href=\"https:\/\/magasin3.com\/en\/artwork\/just-as\/\"><em>Just as<\/em><\/a>, 2007.<br>Jockum Nordstr\u00f6m, <a href=\"https:\/\/magasin3.com\/en\/artwork\/mangdlara-set-theory\/\"><em>Set Theory<\/em><\/a>, 2010.<\/p>\n<\/div>\n<\/div>\n","protected":false},"featured_media":87646,"template":"","meta":{"_acf_changed":false,"_relevanssi_hide_post":"","_relevanssi_hide_content":"","_relevanssi_pin_for_all":"","_relevanssi_pin_keywords":"","_relevanssi_unpin_keywords":"","_relevanssi_related_keywords":"","_relevanssi_related_include_ids":"","_relevanssi_related_exclude_ids":"","_relevanssi_related_no_append":"","_relevanssi_related_not_related":"","_relevanssi_related_posts":"","_relevanssi_noindex_reason":"","_links_to":"","_links_to_target":""},"class_list":["post-87648","m3_loan","type-m3_loan","status-publish","has-post-thumbnail","hentry"],"acf":[],"yoast_head":"<!-- This site is optimized with the Yoast SEO plugin v27.4 - https:\/\/yoast.com\/product\/yoast-seo-wordpress\/ -->\n<title>Jockum Nordstr\u00f6m at The LaM, 2013 - Magasin III<\/title>\n<meta name=\"robots\" content=\"noindex, follow\" \/>\n<meta property=\"og:locale\" content=\"en_US\" \/>\n<meta property=\"og:type\" content=\"article\" \/>\n<meta property=\"og:title\" content=\"Jockum Nordstr\u00f6m at The LaM, 2013 - Magasin III\" \/>\n<meta property=\"og:description\" content=\"Exhibition:&nbsp;Jockum Nordstr\u00f6m: All I Have Learned and Forgotten Again Location: The LaM (Lille M\u00e9tropole Mus\u00e9e d\u2019art moderne, d\u2019art contemporain et d\u2019art brut), Villeneuve d\u2019Ascq, France Period: February 16 \u2013 May 19, 2013 Works on loan:Jockum ...\" \/>\n<meta property=\"og:url\" content=\"https:\/\/magasin3.com\/en\/loan\/jockum-nordstrom-at-the-lam-2013\/\" \/>\n<meta property=\"og:site_name\" content=\"Magasin III\" \/>\n<meta property=\"article:modified_time\" content=\"2022-03-29T09:06:13+00:00\" \/>\n<meta property=\"og:image\" content=\"https:\/\/cdn.magasin3.com\/uploads\/2013\/05\/jockum-nordstrom-au-lam_c-nicolas-dewitte-lam_05-030_-2000x1333.jpg\" \/>\n\t<meta property=\"og:image:width\" content=\"2000\" \/>\n\t<meta property=\"og:image:height\" content=\"1333\" \/>\n\t<meta property=\"og:image:type\" content=\"image\/jpeg\" \/>\n<meta name=\"twitter:label1\" content=\"Est. reading time\" \/>\n\t<meta name=\"twitter:data1\" content=\"1 minute\" \/>\n<!-- \/ Yoast SEO plugin. -->","yoast_head_json":{"title":"Jockum Nordstr\u00f6m at The LaM, 2013 - Magasin III","robots":{"index":"noindex","follow":"follow"},"og_locale":"en_US","og_type":"article","og_title":"Jockum Nordstr\u00f6m at The LaM, 2013 - Magasin III","og_description":"Exhibition:&nbsp;Jockum Nordstr\u00f6m: All I Have Learned and Forgotten Again Location: The LaM (Lille M\u00e9tropole Mus\u00e9e d\u2019art moderne, d\u2019art contemporain et d\u2019art brut), Villeneuve d\u2019Ascq, France Period: February 16 \u2013 May 19, 2013 Works on loan:Jockum ...","og_url":"https:\/\/magasin3.com\/en\/loan\/jockum-nordstrom-at-the-lam-2013\/","og_site_name":"Magasin III","article_modified_time":"2022-03-29T09:06:13+00:00","og_image":[{"width":2000,"height":1333,"url":"https:\/\/cdn.magasin3.com\/uploads\/2013\/05\/jockum-nordstrom-au-lam_c-nicolas-dewitte-lam_05-030_-2000x1333.jpg","type":"image\/jpeg"}],"twitter_misc":{"Est. reading time":"1 minute"},"schema":{"@context":"https:\/\/schema.org","@graph":[{"@type":"WebPage","@id":"https:\/\/magasin3.com\/en\/loan\/jockum-nordstrom-at-the-lam-2013\/","url":"https:\/\/magasin3.com\/en\/loan\/jockum-nordstrom-at-the-lam-2013\/","name":"Jockum Nordstr\u00f6m at The LaM, 2013 - Magasin III","isPartOf":{"@id":"https:\/\/www.magasin3.com\/en\/#website"},"primaryImageOfPage":{"@id":"https:\/\/magasin3.com\/en\/loan\/jockum-nordstrom-at-the-lam-2013\/#primaryimage"},"image":{"@id":"https:\/\/magasin3.com\/en\/loan\/jockum-nordstrom-at-the-lam-2013\/#primaryimage"},"thumbnailUrl":"https:\/\/cdn.magasin3.com\/uploads\/2013\/05\/jockum-nordstrom-au-lam_c-nicolas-dewitte-lam_05-030_.jpg","datePublished":"2013-05-19T12:31:11+00:00","dateModified":"2022-03-29T09:06:13+00:00","breadcrumb":{"@id":"https:\/\/magasin3.com\/en\/loan\/jockum-nordstrom-at-the-lam-2013\/#breadcrumb"},"inLanguage":"en-US","potentialAction":[{"@type":"ReadAction","target":["https:\/\/magasin3.com\/en\/loan\/jockum-nordstrom-at-the-lam-2013\/"]}]},{"@type":"ImageObject","inLanguage":"en-US","@id":"https:\/\/magasin3.com\/en\/loan\/jockum-nordstrom-at-the-lam-2013\/#primaryimage","url":"https:\/\/cdn.magasin3.com\/uploads\/2013\/05\/jockum-nordstrom-au-lam_c-nicolas-dewitte-lam_05-030_.jpg","contentUrl":"https:\/\/cdn.magasin3.com\/uploads\/2013\/05\/jockum-nordstrom-au-lam_c-nicolas-dewitte-lam_05-030_.jpg","width":3000,"height":2000},{"@type":"BreadcrumbList","@id":"https:\/\/magasin3.com\/en\/loan\/jockum-nordstrom-at-the-lam-2013\/#breadcrumb","itemListElement":[{"@type":"ListItem","position":1,"name":"Hem","item":"https:\/\/magasin3.com\/en\/"},{"@type":"ListItem","position":2,"name":"Jockum Nordstr\u00f6m at The LaM, 2013"}]},{"@type":"WebSite","@id":"https:\/\/www.magasin3.com\/en\/#website","url":"https:\/\/www.magasin3.com\/en\/","name":"Magasin III","description":"Museum for Contemporary Art","potentialAction":[{"@type":"SearchAction","target":{"@type":"EntryPoint","urlTemplate":"https:\/\/www.magasin3.com\/en\/?s={search_term_string}"},"query-input":{"@type":"PropertyValueSpecification","valueRequired":true,"valueName":"search_term_string"}}],"inLanguage":"en-US"}]}},"_links":{"self":[{"href":"https:\/\/magasin3.com\/en\/wp-json\/wp\/v2\/m3_loan\/87648","targetHints":{"allow":["GET"]}}],"collection":[{"href":"https:\/\/magasin3.com\/en\/wp-json\/wp\/v2\/m3_loan"}],"about":[{"href":"https:\/\/magasin3.com\/en\/wp-json\/wp\/v2\/types\/m3_loan"}],"wp:featuredmedia":[{"embeddable":true,"href":"https:\/\/magasin3.com\/en\/wp-json\/wp\/v2\/media\/87646"}],"wp:attachment":[{"href":"https:\/\/magasin3.com\/en\/wp-json\/wp\/v2\/media?parent=87648"}],"curies":[{"name":"wp","href":"https:\/\/api.w.org\/{rel}","templated":true}]}}

Jockum Nordström at The LaM, 2013

<div class="wp-block-columns is-layout-flex wp-container-core-columns-is-layout-28f84493 wp-block-columns-is-layout-flex">
<div class="wp-block-column is-layout-flow wp-block-column-is-layout-flow">
<p><strong>Exhibition:</strong>&nbsp;<a href="https://www.musee-lam.fr/fr/jockum-nordstrom" target="_blank" rel="noreferrer noopener"><em>Jockum Nordström: All I Have Learned and Forgotten Again</em></a></p>



<p><strong>Location: </strong>The LaM (Lille Métropole Musée d’art moderne, d’art contemporain et d’art brut), Villeneuve d’Ascq, France</p>



<p><strong>Period: </strong>February 16 – May 19, 2013</p>
</div>



<div class="wp-block-column is-layout-flow wp-block-column-is-layout-flow">
<p><strong>Works on loan:</strong><br>Jockum Nordström,&nbsp;<a href="https://magasin3.com/en/artwork/one-more-lap/"><em>One more lap</em></a>, 2001.<br>Jockum Nordström,&nbsp;<a href="https://magasin3.com/en/artwork/the-final-end-of-childhood/"><em>The final end of childhood</em></a>, 2001.<br>Jockum Nordström, <a href="http://magasin3.com/en/artwork/the-balcony-a-greeting-to-manet-and-magritte/"><em>The Balcony – A Greeting to Manet and Magritte</em></a>, 1998.<br>Jockum Nordström,&nbsp;<a href="https://magasin3.com/en/artwork/talk-of-the-town-2/"><em>Talk of the town</em></a>, 1998.<br>Jockum Nordström, <a href="https://magasin3.com/en/artwork/tiddlywinks/"><em>Tiddlywinks</em></a>, 2004.<br>Jockum Nordström,&nbsp;<a href="https://magasin3.com/en/artwork/just-as/"><em>Just as</em></a>, 2007.<br>Jockum Nordström, <a href="https://magasin3.com/en/artwork/mangdlara-set-theory/"><em>Set Theory</em></a>, 2010.</p>
</div>
</div>

<!-- This site is optimized with the Yoast SEO plugin v27.4 - https://yoast.com/product/yoast-seo-wordpress/ -->
<title>Jockum Nordström at The LaM, 2013 - Magasin III</title>
<meta name="robots" content="noindex, follow" />
<meta property="og:locale" content="en_US" />
<meta property="og:type" content="article" />
<meta property="og:title" content="Jockum Nordström at The LaM, 2013 - Magasin III" />
<meta property="og:description" content="Exhibition:&nbsp;Jockum Nordström: All I Have Learned and Forgotten Again Location: The LaM (Lille Métropole Musée d’art moderne, d’art contemporain et d’art brut), Villeneuve d’Ascq, France Period: February 16 – May 19, 2013 Works on loan:Jockum ..." />
<meta property="og:url" content="https://magasin3.com/en/loan/jockum-nordstrom-at-the-lam-2013/" />
<meta property="og:site_name" content="Magasin III" />
<meta property="article:modified_time" content="2022-03-29T09:06:13+00:00" />
<meta property="og:image" content="https://cdn.magasin3.com/uploads/2013/05/jockum-nordstrom-au-lam_c-nicolas-dewitte-lam_05-030_-2000x1333.jpg" />
	<meta property="og:image:width" content="2000" />
	<meta property="og:image:height" content="1333" />
	<meta property="og:image:type" content="image/jpeg" />
<meta name="twitter:label1" content="Est. reading time" />
	<meta name="twitter:data1" content="1 minute" />
<!-- / Yoast SEO plugin. -->

Jockum Nordström at The LaM, 2013 - Magasin III

Exhibition:&nbsp;Jockum Nordström: All I Have Learned and Forgotten Again Location: The LaM (Lille Métropole Musée d’art moderne, d’art contemporain et d’art brut), Villeneuve d’Ascq, France Period: February 16 – May 19, 2013 Works on loan:Jockum ...
